of 6224?
False
Is 11 a factor of 3653?
False
Is 9 a factor of 90?
True
Does 8 divide 46560?
True
Is 150 a factor of 4477?
False
Does 264 divide 17146?
False
Is 1904 a multiple of 34?
True
Is 25862 a multiple of 82?
False
Is 12012 a multiple of 28?
True
Is 429 a multiple of 13?
True
Does 75 divide 73618?
False
Does 14 divide 1666?
True
Is 9 a factor of 8130?
False
Is 9330 a multiple of 2?
True
Does 16 divide 9215?
False
Is 13224 a multiple of 152?
True
Is 10 a factor of 16940?
True
Is 1071 a multiple of 51?
True
Is 64458 a multiple of 106?
False
Is 9 a factor of 4077?
True
Is 15 a factor of 144?
False
Does 4 divide 22816?
True
Does 10 divide 53003?
False
Is 76 a factor of 14060?
True
Is 44013 a multiple of 236?
False
Does 8 divide 1648?
True
Is 23 a factor of 4092?
False
Is 1460 a multiple of 10?
True
Is 57222 a multiple of 66?
True
Does 15 divide 563?
False
Is 4135 a multiple of 33?
False
Is 503 a multiple of 16?
False
Is 188492 a multiple of 16?
False
Does 99 divide 230?
False
Does 29 divide 696?
True
Does 2 divide 9?
False
Is 33594 a multiple of 22?
True
Is 332 a multiple of 9?
False
Is 1145 a multiple of 34?
False
Is 110 a multiple of 5?
True
Does 24 divide 72336?
True
Is 20502 a multiple of 34?
True
Is 3300 a multiple of 6?
True
Is 1831 a multiple of 2?
False
Is 28 a factor of 924?
True
Does 16 divide 59568?
True
Does 10 divide 1000?
True
Does 28 divide 1702?
False
Is 45 a factor of 1124?
False
Is 61 a factor of 501?
False
Is 16 a factor of 368?
True
Is 39370 a multiple of 57?
False
Is 72 a factor of 122003?
False
Is 13467 a multiple of 67?
True
Does 10 divide 1143?
False
Does 27 divide 1917?
True
Is 319 a multiple of 6?
False
Is 24 a factor of 400?
False
Does 26 divide 94?
False
Does 2 divide 5757?
False
Is 26 a factor of 4544?
False
Is 88 a factor of 60896?
True
Is 2 a factor of 852?
True
Does 40 divide 16280?
True
Does 27 divide 378?
True
Is 3348 a multiple of 36?
True
Does 32 divide 576?
True
Is 1080 a multiple of 8?
True
Is 30 a factor of 553?
False
Does 26 divide 163?
False
Does 14 divide 1244?
False
Does 13 divide 487?
False
Is 4865 a multiple of 5?
True
Does 10 divide 11156?
False
Is 619 a multiple of 4?
False
Does 13 divide 368?
False
Is 11024 a multiple of 104?
True
Is 206 a factor of 62006?
True
Is 16986 a multiple of 22?
False
Is 4994 a multiple of 95?
False
Is 485 a multiple of 20?
False
Is 6900 a multiple of 50?
True
Is 20 a factor of 3940?
True
Is 18 a factor of 1480?
False
Does 20 divide 4580?
True
Is 936 a multiple of 39?
True
Does 41 divide 44485?
True
Is 7424 a multiple of 113?
False
Is 578 a multiple of 19?
False
Is 29082 a multiple of 6?
True
Does 51 divide 2691?
False
Does 16 divide 1024?
True
Is 3 a factor of 18?
True
Is 79 a factor of 11692?
True
Does 19 divide 1938?
True
Is 242 a multiple of 11?
True
Does 2 divide 20?
True
Is 48 a factor of 528?
True
Is 14282 a multiple of 101?
False
Is 19374 a multiple of 12?
False
Is 96 a factor of 4416?
True
Is 2 a factor of 185?
False
Does 47 divide 1282?
False
Does 19 divide 3306?
True
Is 902 a multiple of 11?
True
Is 44 a factor of 3725?
False
Is 41650 a multiple of 169?
False
Is 80 a factor of 1839?
False
Is 3945 a multiple of 11?
False
Is 30 a factor of 2467?
False
Is 162 a multiple of 4?
False
Does 154 divide 1140?
False
Does 9 divide 477?
True
Is 147 a multiple of 21?
True
Is 1312 a multiple of 41?
True
Is 10348 a multiple of 128?
False
Is 27 a factor of 17814?
False
Is 2 a factor of 6604?
True
Is 35 a factor of 70?
True
Is 10 a factor of 370?
True
Does 223 divide 7086?
False
Does 31 divide 1884?
False
Is 23 a factor of 5612?
True
Does 6 divide 10578?
True
Is 5268 a multiple of 5?
False
Does 12 divide 11700?
True
Does 23 divide 176?
False
Is 6347 a multiple of 19?
False
Does 33 divide 990?
True
Is 1401 a multiple of 9?
False
Is 3 a factor of 19?
False
Is 113 a factor of 29381?
False
Is 10235 a multiple of 89?
True
Is 19 a factor of 1187?
False
Is 22 a factor of 1743?
False
Is 177 a factor of 177?
True
Is 13 a factor of 5109?
True
Does 40 divide 17344?
False
Does 5 divide 795?
True
Is 7 a factor of 28?
True
Is 21 a factor of 700?
False
Is 1584 a multiple of 12?
True
Is 2174 a multiple of 14?
False
Is 114214 a multiple of 17?
False
Is 15 a factor of 9993?
False
Does 12 divide 5004?
True
Is 6 a factor of 867?
False
Is 710 a multiple of 23?
False
Is 1860 a multiple of 30?
True
Is 9282 a multiple of 51?
True
Is 13 a factor of 1703?
True
Is 108 a multiple of 8?
False
Is 39 a factor of 5768?
False
Is 1596 a multiple of 4?
True
Is 38610 a multiple of 330?
True
Is 9 a factor of 9302?
False
Does 12 divide 637?
False
Is 14795 a multiple of 154?
False
Is 16 a factor of 55?
False
Is 83 a factor of 415?
True
Is 4 a factor of 10432?
True
Does 14 divide 15040?
False
Does 47 divide 22795?
True
Does 5 divide 249?
False
Does 25 divide 140416?
False
Is 2081 a multiple of 36?
False
Is 28 a factor of 196?
True
Is 3806 a multiple of 16?
False
Is 14 a factor of 10024?
True
Is 112 a factor of 6715?
False
Is 29 a factor of 790?
False
Is 82 a factor of 19434?
True
Does 49 divide 2724?
False
Is 25 a factor of 3436?
False
Does 54 divide 5238?
True
Is 28 a factor of 3269?
False
Is 639 a multiple of 71?
True
Is 22500 a multiple of 60?
True
Is 11 a factor of 1466?
False
Does 5 divide 641?
False
Does 41 divide 1517?
True
Is 7 a factor of 291?
False
Does 17 divide 3838?
False
Is 66 a factor of 22704?
True
Is 192 a multiple of 76?
False
Is 18 a factor of 353?
False
Is 23 a factor of 1376?
False
Is 10 a factor of 220?
True
Does 26 divide 1820?
True
Is 89019 a multiple of 27?
True
Is 28 a factor of 329?
False
Is 1635 a multiple of 49?
False
Is 55965 a multiple of 273?
True
Is 39 even?
False
Does 21 divide 70762?
False
Does 41 divide 24600?
True
Is 609 a multiple of 3?
True
Is 126 a factor of 1307?
False
Is 11437 a multiple of 8?
False
Does 71 divide 312?
False
Is 10521 a multiple of 7?
True
Is 3150 a multiple of 27?
False
Does 15 divide 5370?
True
Does 26 divide 37440?
True
Is 51 a factor of 1275?
True
Is 19 a factor of 14284?
False
Is 34 a multiple of 7?
False
Is 12 a factor of 22801?
False
Is 49040 a multiple of 80?
True
Is 892 even?
True
Is 12 a factor of 4131?
False
Is 1018 a multiple of 38?
False
Is 1540 a multiple of 7?
True
Does 2 divide 707?
False
Is 20 a factor of 195?
False
Is 80891 a multiple of 56?
False
Does 5 divide 15136?
False
Does 14 divide 210?
True
Is 34 a factor of 4556?
True
Does 6 divide 912?
True
Does 29 divide 174?
True
Is 3525 a multiple of 4?
False
Is 12999 a multiple of 21?
True
Does 25 divide 1400?
True
Does 25 divide 475?
True
Is 1000 a multiple of 20?
True
Does 100 divide 22100?
True
Is 5849 a multiple of 21?
False
Does 67 divide 1485?
False
Is 25 a factor of 627?
False
Is 31 a factor of 23808?
True
Is 44 a factor of 2273?
False
Does 44 divide 4048?
True
Does 28 divide 36652?
True
Is 59 a factor of 4358?
False
Does 43 divide 589?
False
Is 8 a factor of 21458?
False
Is 129 a multiple of 29?
False
Is 15 a factor of 15?
True
Does 99 divide 142857?
True
Is 38 a factor of 3137?
False
Does 27 divide 3827?
False
Is 22659 a multiple of 154?
False
Does 14 divide 196?
True
Is 27720 a multiple of 60?
True
Is 2 a factor of 35?
False
Does 5 divide 85?
True
Does 6 divide 938?
False
Is 24 a factor of 3144?
True
Is 73 a factor of 4009?
False
Does 43 divide 22346?
False
Is 981 a multiple of 327?
True
Does 4 divide 196?
True
Is 17 a factor of 1020?
True
Is 18409 a multiple of 67?
False
Is 3964 a multiple of 26?
False
Is 72072 a multiple of 72?
True
Is 7810 a multiple of 7?
False
Does 26 divide 1040?
True
Is 19957 a multiple of 17?
False
Does 7 divide 17381?
True
Does 125 divide 22250?
True
Is 11 a factor of 1870?
True
Is 40 a factor of 60027?
False
Does 102 divide 81090?
True
Does 13 divide 221?
True
Does 12 divide 216?
True
Does 15 divide 285?
True
Is 39 a factor of 6396?
True
Is 26 a factor of 492?
False
Is 456 a multiple of 12?
True
Does 42 divide 26807?
False
Does 20 divide 21336?
False
Is 1531 a multiple of 19?
False
Does 142 divide 2698?
True
Is 3 a factor of 1335?
True
Does 26 divide 4925?
False
Does 71 divide 1383?
False
Is 20 a factor of 3800?
True
Is 9203 a multiple of 25?
False
Does 12 divide 4450?
False
Is 5 a factor of 295?
True
Is 120 a factor of 2243?
False
Is 1893 a multiple 